7. Determine p(-446).
1
Let l(v) = 25134*v - 201240. Calculate l(8).
-168
Let m(p) = 1891*p - 115259. Calculate m(61).
92
Let m(g) = -4*g**2 - 254*g + 3063. Calculate m(11).
-215
Let n(g) = -77912*g - 2337353. Determine n(-30).
7
Let h(c) = 5*c**2 + 122*c + 374. Calculate h(-5).
-111
Let q(w) = -224*w - 35890. Determine q(-161).
174
Let r(w) = -555653*w + 12780012. Determine r(23).
-7
Let n(a) = 447*a + 4671. Determine n(-10).
201
Let m(n) = 55*n**2 - 6823*n + 39292. Determine m(118).
-2
Let z(c) = 4*c**2 + 260*c + 10216. Give z(-41).
6280
Let b(o) = 8*o**2 - 2884*o - 190404. What is b(-57)?
-24
Let l(x) = 3*x**2 + 130*x - 31294. What is l(83)?
163
Let a(d) = -3*d**3 + 362*d**2 - 616*d + 2516. Give a(119).
17
Let o(k) = 478*k**2 + 113*k + 113. What is o(-1)?
478
Let y(a) = 914*a + 229771. Give y(-251).
357
Let o(y) = -314*y + 16889. Give o(53).
247
Let j(o) = o**3 - 2*o**2 - 49*o + 402. What is j(7)?
304
Let t(i) = i**3 + 89*i**2 - 381*i - 33894. Give t(-89).
15
Let s(m) = -528*m - 10853. Give s(-21).
235
Let a(w) = -w**3 - 46*w**2 + 419*w + 21591. Calculate a(-44).
-717
Let h(z) = -293807*z + 8814205. Give h(30).
-5
Let y(f) = 3*f**3 + 17*f**2 + 63*f + 77. Determine y(-4).
-95
Let p(k) = 6714*k + 1557668. What is p(-232)?
20
Let v(c) = -2*c**3 + 25*c**2 + 53*c - 758. Give v(12).
22
Let f(r) = r**3 - 19*r**2 - 768*r + 15280. What is f(20)?
320
Let u(k) = 10*k**3 - 186*k**2 + 774*k - 11998. Calculate u(18).
-10
Let j(c) = -2272*c - 143140. What is j(-63)?
-4
Let k(p) = 58*p**2 + 6928*p - 3739. Give k(-120).
101
Let i(n) = 20337*n - 386541. Calculate i(19).
-138
Let j(a) = a**3 + 4*a**2 + 897*a + 7431. What is j(-8)?
-1
Let j(r) = -177*r + 20625. Determine j(116).
93
Let n(q) = 41*q**3 - 284*q**2 - 5*q - 17. Give n(7).
95
Let k(j) = -11*j**2 - 1396*j - 2612. Give k(-125).
13
Let m(q) = -4*q**2 + 211*q - 1444. Give m(7).
-163
Let a(s) = 2*s**3 - 67*s - 31. Determine a(0).
-31
Let g(q) = 5*q**3 + 24*q**2 - 106*q + 28. What is g(-10)?
-1512
Let x(w) = 397*w + 23449. Calculate x(-56).
1217
Let o(m) = -m**3 - 1087*m**2 - 1863*m - 843771. Determine o(-1086).
51
Let d(x) = 859*x - 129882. Calculate d(151).
-173
Let d(g) = -g**3 + 16*g**2 + 133*g + 46. What is d(22)?
68
Let b(h) = 41759*h + 41775. What is b(-1)?
16
Let u(p) = 432*p + 1458. Give u(-2).
594
Let l(j) = 52*j**3 - 40*j**2 - 48*j + 31. Determine l(4).
2527
Let s(n) = 322*n - 3989. Determine s(17).
1485
Let k(u) = 110851*u - 3325523. Give k(30).
7
Let p(j) = -2906*j - 807877. What is p(-278)?
-9
Let y(d) = -9821*d - 628540. What is y(-64)?
4
Let p(y) = 3725*y - 40984. What is p(11)?
-9
Let a(s) = s**3 + 95*s**2 + 100*s + 566. Determine a(-94).
2
Let d(r) = 17*r**2 - 44*r - 513. Give d(-8).
927
Let t(i) = 11228*i - 55175. What is t(5)?
965
Let w(u) = -15010*u - 74732. Calculate w(-5).
318
Let v(j) = 10576*j - 221974. Give v(21).
122
Let o(y) = -y**2 + 6385339*y - 63853289. Calculate o(10).
1
Let a(z) = -15388*z + 153939. Give a(10).
59
Let r(g) = -7*g**2 + 2529*g - 729. Calculate r(361).
-7
Let y(g) = 3*g**3 + 296*g**2 + 3695*g - 35. Calculate y(-13).
-4637
Let f(q) = -232*q**3 - 18559*q**2 + 78*q - 153. Calculate f(-80).
7
Let q(c) = c**3 + 118*c**2 + 3111*c - 3509. Calculate q(-77).
33
Let p(q) = q**2 - 4329*q - 9373685. What is p(-1585)?
5
Let p(i) = -2339*i - 42145. Calculate p(-18).
-43
Let c(s) = 20482*s - 409678. Give c(20).
-38
Let a(v) = -74*v**2 + 753*v - 1051. Give a(9).
-268
Let f(k) = 39*k**2 + 4511*k - 35210. Determine f(-123).
-32
Let i(n) = -964*n**2 + 19362*n - 1602. Calculate i(20).
38
Let q(z) = 37*z**2 + 6219*z + 54. Calculate q(-168).
-450
Let s(r) = 3*r**3 - 250*r**2 - 688*r - 230. Determine s(86).
-230
Let a(s) = -3537*s - 771067. What is a(-218)?
-1
Let s(j) = -6*j**2 + 33*j + 8050. Give s(-34).
-8
Let u(g) = g**3 - 61*g**2 - 123*g - 172. Calculate u(63).
17
Let i(k) = 95*k + 2170. What is i(-26)?
-300
Let g(z) = -2*z**3 + 386*z**2 + 1963*z + 3374. Calculate g(198).
8
Let x(l) = 2046*l - 25113. Calculate x(13).
1485
Let c(i) = -1037*i**2 - 17633*i + 6. Give c(-17).
74
Let l(k) = -13234*k + 39681. Determine l(3).
-21
Let p(g) = 3*g**3 + 1286*g**2 + 3415*g + 2976. Give p(-426).
-6
Let x(z) = -38*z**2 + 1043*z - 181. Give x(27).
278
Let a(b) = -10*b**3 - 11*b**2 - 15*b + 111. Give a(-6).
1965
Let k(f) = -237*f**2 + 386*f + 198. Calculate k(2).
22
Let z(y) = 11*y**3 - 133*y**2 + 43*y - 164. Determine z(12).
208
Let a(b) = -4145*b + 65500. What is a(16)?
-820
Let z(g) = 104*g**2 - 91*g + 118. What is z(2)?
352
Let n(o) = o**3 - 7*o**2 - 320*o + 953. Determine n(3).
-43
Let l(q) = -565*q + 139844. Calculate l(248).
-276
Let o(j) = 2564332*j - 25643296. Determine o(10).
24
Let p(j) = -12*j**2 + 420*j - 1965. What is p(31)?
-477
Let w(o) = -o**3 - 105*o**2 + 312*o - 13522. Determine w(-109).
-6
Let b(u) = -329841*u + 7916167. Determine b(24).
-17
Let s(u) = u**2 + 109*u - 420. Calculate s(15).
1440
Let b(o) = 320*o - 16242. Give b(54).
1038
Let x(n) = 1449*n + 147711. Give x(-102).
-87
Let v(f) = -6*f**2 + 238*f + 1653. Calculate v(-6).
9
Let i(s) = -s**3 - 24*s**2 - 46*s - 6. What is i(-6)?
-378
Let x(o) = o**3 - 356*o**2 + 28772*o - 952. Calculate x(232).
-24
Let l(b) = 29*b**2 + 120*b - 9299. Calculate l(-20).
-99
Let z(d) = -474*d**2 - 472*d + 14225. Determine z(-6).
-7
Let q(p) = -23*p**2 + 38*p + 1106. Calculate q(8).
-62
Let y(g) = -20*g**2 + 1264*g - 249. Calculate y(63).
3
Let y(z) = -5*z**3 - 149*z**2 + 60*z + 782. Give y(-30).
-118
Let r(s) = s**2 - 2737*s + 35463. Determine r(13).
51
Let s(d) = 144315*d + 5772642. Determine s(-40).
42
Let h(i) = i**3 - 181*i**2 + 833*i - 53219. Calculate h(178).
3
Let v(s) = -402*s**2 + 1608*s + 22. Give v(4).
22
Let h(v) = -v**3 - 120*v**2 - 3586*v - 33. Determine h(-61).
-826
Let a(c) = -c**3 + 40*c**2 + 3*c - 1590. Determine a(39).
48
Let c(u) = 4*u**2 + 11098*u - 122153. Calculate c(11).
409
Let f(x) = -3*x**3 + 68*x**2 - 61*x + 407. What is f(22)?
33
Let t(s) = -6893*s + 882299. Determine t(128).
-5
Let h(c) = 2*c**3 - 462*c**2 - 13947*c - 405. What is h(-27)?
0
Let c(t) = 4*t**3 + 221*t**2 + 2503*t - 147. Calculate c(-16).
-3
Let k(d) = 1947*d - 1254. Give k(-1).
-3201
Let x(r) = -38*r**2 - 2854*r - 51387. Determine x(-30).
33
Let p(k) = -42092*k + 378732. Give p(9).
-96
Let o(m) = 148746*m + 446241. What is o(-3)?
3
Let z(c) = -259315*c - 1296609. Determine z(-5).
-34
Let w(f) = -f**3 + 26*f**2 + 180*f - 2540. What is w(30)?
-740
Let q(y) = -1528190*y - 21394654. Determine q(-14).
6
Let f(a) = -a**2 - 4689*a + 522999. What is f(109)?
17
Let l(s) = 6*s**3 - 5*s**2 - 24*s + 89. What is l(6)?
1061
Let k(m) = 4439*m**3 - 5*m**2 - 240*m + 243. Calculate k(1).
4437
Let u(w) = 3*w**3 + 3360*w**2 - 13485*w - 17. Calculate u(4).
-5
Let z(n) = 139*n + 3775. Determine z(-28).
-117
Let q(o) = -66*o**2 + 242*o + 2232. Calculate q(-8).
-3928
Let n(z) = -z**3 - 26*z**2 - 153*z - 4454. Give n(-26).
-476
Let j(s) = -205*s**2 - 9223*s - 3. Determine j(-45).
-93
Let l(r) = -r**2 + 366*r - 23881. What is l(85)?
4
Let f(i) = 95*i - 1344. Give f(14).
-14
Let b(u) = u**2 - 103*u - 300476. Calculate b(-499).
-78
Let q(k) = 2*k**3 - 7*k**2 - 70*k - 23. Determine q(-9).
-1418
Let t(c) = 10*c**2 - 105*c - 153. Calculate t(13).
172
Let y(h) = 9*h**2 - 113*h + 430. Calculate y(10).
200
Let h(t) = -2301*t - 34514. Determine h(-15).
1
Let t(u) = 13*u**2 + 489*u + 2379. Determine t(-5).
259
Let j(n) = n**3 + 65*n**2 - 5752*n + 129. What is j(50)?
29
Let n(s) = s**2 + 330*s + 11520. Calculate n(-41).
-329
Let k(l) = -8*l**2 + 10*l + 273. Give k(11).
-585
Let t(o) = -20547*o - 184882. Determine t(-9).
41
Let p(g) = 2752*g + 140355. Calculate p(-51).
3
Let o(q) = -q**3 - 2*q**2 + 171*q + 821. Give o(14).
79
Let c(z) = -2*z**2 + 4277*z + 30098. Determine c(-7).
61
Let n(q) = 2*q**2 - 823*q - 14952. Give n(-18).
510
Let d(r) = -5*r**2 + 3207*r - 180665. What is d(579)?
-17
Let j(r) = 3*r**2 - 413*r - 67633. Determine j(234).
-7
Let u(m) = 4*m**2 - 2030*m + 20071. What is u(10)?
171
Let v(b) = 239*b**3 + 949*b**2 - 8*b - 4. Calculate v(-4).
-84
Let r(n) = -9*n**3 + 23*n**2 + 32*n + 8. Determine r(-1).
8
Let q(y) = -196*y**2 + 39*y - 52. Give q(2).
-758
Let l(x) = -51631*x + 26073654. Determine l(505).
-1
Let u(b) = b**2 + 109*b - 72357. Determine u(-329).
23
